ime?
False
Is 41148314737 a composite number?
False
Is 63649688587 prime?
True
Is 35207143453 prime?
True
Is 368204727511 a prime number?
True
Is 299100587 a prime number?
False
Is 4101581629 a composite number?
False
Is 6565402451 a prime number?
True
Is 126331129 a composite number?
False
Is 14085668729 a composite number?
True
Is 9501552187 a prime number?
False
Is 12081652693 a composite number?
True
Is 192123229 composite?
False
Is 23060295227 a composite number?
False
Is 688136263 prime?
True
Is 45817863347 composite?
True
Is 17626579457 composite?
False
Is 8758666751 a prime number?
False
Is 98070255581 composite?
True
Is 134570109221 composite?
True
Is 609660319 a prime number?
True
Is 493507373 prime?
False
Is 202277 a composite number?
False
Is 124345806617 prime?
True
Is 6938826387 prime?
False
Is 115427007601 a composite number?
False
Is 121200691 composite?
True
Is 564751546 a composite number?
True
Is 6890808137 a prime number?
True
Is 20886183001 composite?
False
Is 31654641419 a composite number?
False
Is 143310743893 composite?
False
Is 3526511 a composite number?
False
Is 2031859987 composite?
False
Is 8403984931 a composite number?
False
Is 241565811839 a composite number?
True
Is 20739928493 composite?
False
Is 41288004427 a prime number?
True
Is 387311087 composite?
False
Is 1848496841 composite?
False
Is 2096242415 composite?
True
Is 2952650333 a composite number?
False
Is 2631266474 a prime number?
False
Is 264738883637 prime?
True
Is 58869885857 prime?
False
Is 7644608927 prime?
False
Is 132744828277 a composite number?
False
Is 36462311653 prime?
False
Is 91657784551 composite?
True
Is 105698481599 a prime number?
True
Is 5215320757 composite?
False
Is 2606192033 a composite number?
False
Is 851768777 prime?
False
Is 996792283 prime?
True
Is 1246412789 prime?
True
Is 12374884723 composite?
True
Is 10800483697 prime?
True
Is 81430724599 composite?
True
Is 91453177993 a prime number?
False
Is 2503620283 a composite number?
False
Is 875762051 prime?
True
Is 45205752877 composite?
True
Is 8838025409 composite?
True
Is 1103377277 composite?
False
Is 5968468823 a prime number?
True
Is 21169057069 a prime number?
True
Is 115332818267 a prime number?
False
Is 702297773 a composite number?
True
Is 4659388039 prime?
True
Is 45809094763 a composite number?
True
Is 3806164703 a composite number?
True
Is 343027486081 a composite number?
True
Is 2988737 a composite number?
True
Is 22679086505 a composite number?
True
Is 8669350021 a composite number?
True
Is 241983913 prime?
False
Is 4452321499 a composite number?
False
Is 6364845145 a prime number?
False
Is 7384217749 prime?
True
Is 994520039 a composite number?
True
Is 420647789 prime?
False
Is 17606283683 prime?
False
Is 454152085999 a prime number?
False
Is 306264759643 prime?
True
Is 19898091121 a composite number?
False
Is 10584894371 prime?
False
Is 14468193305 a prime number?
False
Is 936322129 a prime number?
True
Is 25656135755 composite?
True
Is 1026066553 a composite number?
True
Is 3596581607 a prime number?
True
Is 3599211643 composite?
False
Is 379025359 a composite number?
False
Is 1654801559 a composite number?
False
Is 1478372743 composite?
False
Is 6139943683 a composite number?
True
Is 15475771327 a prime number?
True
Is 799533941 a composite number?
False
Is 2043225605 a prime number?
False
Is 36243059693 a prime number?
False
Is 243061457 a prime number?
False
Is 355264513 a prime number?
True
Is 19501645073 a composite number?
False
Is 177678587 composite?
False
Is 6237160093 composite?
False
Is 4539431453 a prime number?
False
Is 165581281 a prime number?
True
Is 1145295323 a composite number?
True
Is 759755879 a composite number?
False
Is 250713727 prime?
False
Is 510698281 a prime number?
False
Is 288146657 a composite number?
True
Is 153416623589 prime?
False
Is 3868123499 a prime number?
True
Is 18501736931 a prime number?
False
Is 431999423 prime?
True
Is 100676107177 prime?
False
Is 139467039 a composite number?
True
Is 1964328599 a composite number?
False
Is 2798513843 composite?
False
Is 1276862051 a composite number?
True
Is 7017517747 prime?
True
Is 232418434 a prime number?
False
Is 8046642547 a composite number?
False
Is 111559189039 a composite number?
False
Is 303227600761 a composite number?
False
Is 19058399291 composite?
False
Is 25191364357 a composite number?
False
Is 225839293 a prime number?
False
Is 174537049 prime?
True
Is 188059343 a prime number?
True
Is 7522569569 a composite number?
True
Is 5892883501 composite?
False
Is 7368025961 composite?
False
Is 2983136083 a prime number?
True
Is 1135403 composite?
False
Is 4578581419 a composite number?
True
Is 12866662457 composite?
True
Is 31307348113 a prime number?
False
Is 5869917155 composite?
True
Is 59158019 a prime number?
False
Is 791839543 a prime number?
False
Is 3516214369 prime?
False
Is 1213830661 composite?
False
Is 117077711 a composite number?
False
Is 36250227743 composite?
True
Is 3764991281 composite?
True
Is 85875461 prime?
False
Is 89627855105 composite?
True
Is 942826727 a prime number?
True
Is 1379361881 composite?
True
Is 674150699 a composite number?
False
Is 58080277 composite?
True
Is 1702626457 prime?
False
Is 1902383273 prime?
False
Is 22556919731 composite?
False
Is 38340771793 a prime number?
False
Is 960624949 a prime number?
True
Is 12172801213 prime?
True
Is 3345134483 prime?
False
Is 74784138257 a composite number?
False
Is 3562317397 composite?
True
Is 18774689345 prime?
False
Is 13244506177 a composite number?
True
Is 488370671 prime?
False
Is 592020395 a composite number?
True
Is 1190932343 prime?
False
Is 1901775277 a prime number?
True
Is 445347227 prime?
False
Is 1080361079 a prime number?
False
Is 333692257 a prime number?
False
Is 89206708379 a composite number?
False
Is 254840313137 a composite number?
False
Is 381487607 a composite number?
False
Is 78363976277 composite?
False
Is 4229973811 a composite number?
True
Is 1930814759 a composite number?
False
Is 4644910909 a composite number?
False
Is 40863923047 a prime number?
False
Is 40534051 prime?
False
Is 104328110571 a prime number?
False
Is 12143591 prime?
True
Is 128612810834 a prime number?
False
Is 274209487 a composite number?
False
Is 1088627233 a prime number?
True
Is 22264686167 composite?
False
Is 10280554877 a prime number?
False
Is 13464398413 composite?
False
Is 190036123 a prime number?
True
Is 1529117323 a prime number?
True
Is 162947179 a composite number?
False
Is 1519557709 prime?
True
Is 13395409637 prime?
True
Is 67889723 a composite number?
True
Is 172094231 a composite number?
False
Is 1279375751 prime?
False
Is 14030249 a composite number?
False
Is 1911382367 prime?
True
Is 19882743 prime?
False
Is 326334638489 a composite number?
True
Is 2960358797 composite?
True
Is 812167133 a prime number?
False
Is 12997887913 a prime number?
True
Is 194703696247 a prime number?
False
Is 1141939441 composite?
True
Is 125346119 composite?
False
Is 1236068179 composite?
False
Is 51636907559 prime?
True
Is 374199367 a composite number?
True
Is 111464395913 prime?
False
Is 3115124437 prime?
True
Is 186053671 prime?
True
Is 1755687239 prime?
False
Is 2860418917 prime?
True
Is 4448867407 a prime number?
True
Is 859886861 composite?
True
Is 5070499703 composite?
True
Is 626333429 a prime number?
True
Is 6629497087 prime?
True
Is 1666402603 prime?
True
Is 8602927499 prime?
True
Is 533077591 a prime number?
False
Is 2226164803 a composite number?
False
Is 31106822657 prime?
False
Is 19321662727 a composite number?
False
Is 305745112195 a composite number?
True
Is 175031 prime?
False
Is 105910093865 composite?
True
Is 584202877 a prime number?
False
Is 10444948487 a composite number?
True
Is 2443124447 a prime number?
True
Is 3807688193 a prime number?
True
Is 40390605119 a prime number?
False
Is 3441220117 a prime number?
True
Is 8699085209 composite?
False
Is 1688318353 prime?
True
Is 1711810283 a prime number?
False
Is 1441110943 prime?
False
Is 3385448939 a composite number?
True
Is 5723007421 prime?
True
Is 1250630617 a composite number?
False
Is 9864395899 prime?
True
Is 444537073 prime?
False
Is 38883457267 a composite number?
False
Is 55389853 a composite number?
False
Is 925625839